 75 is divided by 2.
1
Calculate the remainder when 1274 is divided by 183.
176
Calculate the remainder when 161 is divided by 24.
17
What is the remainder when 6599 is divided by 31?
27
Calculate the remainder when 348 is divided by 67.
13
Calculate the remainder when 1176 is divided by 527.
122
What is the remainder when 808 is divided by 14?
10
Calculate the remainder when 198 is divided by 18.
0
What is the remainder when 258 is divided by 135?
123
Calculate the remainder when 3238 is divided by 8.
6
Calculate the remainder when 3386 is divided by 113.
109
What is the remainder when 1678 is divided by 1673?
5
Calculate the remainder when 26 is divided by 15.
11
What is the remainder when 127 is divided by 65?
62
What is the remainder when 706 is divided by 12?
10
What is the remainder when 1635 is divided by 179?
24
What is the remainder when 1462 is divided by 375?
337
What is the remainder when 241 is divided by 76?
13
What is the remainder when 1410 is divided by 110?
90
What is the remainder when 1394 is divided by 278?
4
What is the remainder when 287 is divided by 16?
15
What is the remainder when 159 is divided by 18?
15
Calculate the remainder when 1361 is divided by 5.
1
What is the remainder when 206 is divided by 27?
17
What is the remainder when 6830 is divided by 9?
8
What is the remainder when 318 is divided by 4?
2
Calculate the remainder when 4148 is divided by 25.
23
Calculate the remainder when 629 is divided by 150.
29
What is the remainder when 725 is divided by 13?
10
What is the remainder when 330 is divided by 53?
12
What is the remainder when 296 is divided by 12?
8
Calculate the remainder when 559 is divided by 40.
39
Calculate the remainder when 5647 is divided by 18.
13
Calculate the remainder when 747 is divided by 146.
17
What is the remainder when 1022 is divided by 171?
167
What is the remainder when 301 is divided by 46?
25
What is the remainder when 505 is divided by 78?
37
What is the remainder when 144 is divided by 21?
18
What is the remainder when 2176 is divided by 27?
16
What is the remainder when 2874 is divided by 958?
0
Calculate the remainder when 623 is divided by 25.
23
Calculate the remainder when 3250 is divided by 47.
7
What is the remainder when 1382 is divided by 57?
14
What is the remainder when 103 is divided by 30?
13
Calculate the remainder when 78 is divided by 70.
8
What is the remainder when 186 is divided by 56?
18
What is the remainder when 35 is divided by 16?
3
What is the remainder when 7046 is divided by 2342?
20
What is the remainder when 18586 is divided by 110?
106
Calculate the remainder when 184 is divided by 3.
1
What is the remainder when 631 is divided by 178?
97
Calculate the remainder when 1421 is divided by 143.
134
What is the remainder when 64 is divided by 14?
8
Calculate the remainder when 109 is divided by 2.
1
Calculate the remainder when 1407 is divided by 11.
10
Calculate the remainder when 142 is divided by 6.
4
What is the remainder when 32 is divided by 19?
13
Calculate the remainder when 458 is divided by 17.
16
Calculate the remainder when 1350 is divided by 104.
102
Calculate the remainder when 3210 is divided by 22.
20
What is the remainder when 2295 is divided by 115?
110
Calculate the remainder when 2849 is divided by 21.
14
What is the remainder when 764 is divided by 378?
8
Calculate the remainder when 5793 is divided by 14.
11
Calculate the remainder when 135 is divided by 31.
11
What is the remainder when 2095 is divided by 43?
31
What is the remainder when 389 is divided by 28?
25
What is the remainder when 300 is divided by 19?
15
What is the remainder when 3398 is divided by 25?
23
What is the remainder when 47 is divided by 3?
2
Calculate the remainder when 118 is divided by 48.
22
Calculate the remainder when 831 is divided by 49.
47
Calculate the remainder when 41 is divided by 9.
5
What is the remainder when 28 is divided by 8?
4
What is the remainder when 3812 is divided by 9?
5
Calculate the remainder when 225 is divided by 46.
41
What is the remainder when 2017 is divided by 405?
397
Calculate the remainder when 357 is divided by 25.
7
What is the remainder when 87 is divided by 5?
2
What is the remainder when 45 is divided by 8?
5
What is the remainder when 418 is divided by 83?
3
Calculate the remainder when 270 is divided by 9.
0
Calculate the remainder when 136 is divided by 69.
67
What is the remainder when 266 is divided by 65?
6
Calculate the remainder when 285 is divided by 75.
60
What is the remainder when 953 is divided by 32?
25
Calculate the remainder when 1981 is divided by 11.
1
Calculate the remainder when 411 is divided by 120.
51
What is the remainder when 77 is divided by 17?
9
What is the remainder when 108 is divided by 55?
53
What is the remainder when 185 is divided by 82?
21
What is the remainder when 131 is divided by 58?
15
What is the remainder when 540 is divided by 94?
70
What is the remainder when 154 is divided by 45?
19
Calculate the remainder when 113 is divided by 65.
48
Calculate the remainder when 424 is divided by 52.
8
Calculate the remainder when 335 is divided by 114.
107
Calculate the remainder when 2492 is divided by 2478.
14
Calculate the remainder when 644 is divided by 91.
7
What is the remainder when 389 is divided by 199?
190
What is the remainder when 74 is divided by 21?
11
Calculate the remainder when 127 is divided by 37.
16
What is the remainder when 2195 is divided by 1090?
15
Calculate the remainder when 1712 is divided by 35.
32
Calculate the remainder when 1537 is divided by 35.
32
Calculate the remainder when 480 is divided by 53.
3
What is the remainder when 202 is divided by 148?
54
What is the remainder when 763 is divided by 114?
79
What is the remainder when 561 is divided by 47?
44
What is the remainder when 59 is divided by 16?
11
What is the remainder when 362 is divided by 148?
66
Calculate the remainder when 134 is divided by 23.
19
Calculate the remainder when 246 is divided by 18.
12
Calculate the remainder when 642 is divided by 46.
44
Calculate the remainder when 49 is divided by 16.
1
Calculate the remainder when 5692 is divided by 78.
76
What is the remainder when 307 is divided by 156?
151
What is the remainder when 460 is divided by 76?
4
What is the remainder when 1311 is divided by 73?
70
What is the remainder when 2298 is divided by 765?
3
What is the remainder when 2454 is divided by 28?
18
Calculate the remainder when 137 is divided by 23.
22
Calculate the remainder when 763 is divided by 227.
82
What is the remainder when 160 is divided by 81?
79
What is the remainder when 3922 is divided by 25?
22
What is the remainder when 303 is divided by 114?
75
Calculate the remainder when 220 is divided by 67.
19
Calculate the remainder when 1153 is divided by 13.
9
What is the remainder when 1770 is divided by 23?
22
What is the remainder when 552 is divided by 32?
8
Calculate the remainder when 132 is divided by 51.
30
Calculate the remainder when 1409 is divided by 1400.
9
Calculate the remainder when 349 is divided by 63.
34
Calculate the remainder when 66 is divided by 21.
3
Calculate the remainder when 129 is divided by 27.
21
Calculate the remainder when 90 is divided by 43.
4
Calculate the remainder when 1224 is divided by 239.
29
What is the remainder when 771 is divided by 86?
83
What is the remainder when 326 is divided by 79?
10
Calculate the remainder when 409 is divided by 159.
91
What is the remainder when 15788 is divided by 84?
80
What is the remainder when 609 is divided by 10?
9
What is the remainder when 453 is divided by 118?
99
What is the remainder when 322 is divided by 31?
12
Calculate the remainder when 266 is divided by 135.
131
Calculate the remainder when 5981 is divided by 44.
41
What is the remainder when 163 is divided by 53?
4
What is the remainder when 29 is divided by 11?
7
What is the remainder when 719 is divided by 104?
95
What is the remainder when 135 is divided by 39?
18
What is the remainder when 31251 is divided by 13?
12
What is the remainder when 810 is divided by 133?
12
Calculate the remainder when 139 is divided by 9.
4
Calculate the remainder when 148 is divided by 17.
12
Calculate the remainder when 48 is divided 